i = -2 + 2. Suppose q*k = -z + 42, i*z - 5*k + 108 = 4*z. List the prime factors of z.
2, 11
Let o = 11 + 8. Let m = o + -15. Suppose 54 = b - 2*y, -m*y + 2*y - 198 = -4*b. List the prime factors of b.
2, 3
Let n be (-40)/(-15)*-4 - (-2)/(-6). What are the prime factors of ((22/(-6))/n)/((-1)/(-447))?
149
Let u be (-60)/(-14)*756/4. Suppose -7*n + n + u = 0. List the prime factors of n.
3, 5
Let i(b) = 85*b**3 - b**2 + 3*b - 1. List the prime factors of i(2).
3, 227
Let c = 1313 + -838. List the prime factors of c.
5, 19
Let j(i) be the third derivative of -i**6/120 + i**4/24 + 5*i**3 + i**2. Suppose -5*f - 3*t + 9 = 0, 4*f + 5*t = -f + 15. List the prime factors of j(f).
2, 3, 5
Suppose -20*l = -18*l - 822. Let f = l + -120. List the prime factors of f.
3, 97
Let t(i) = -695*i**2 - 2. Let d be t(-1). What are the prime factors of d/(-7) + (-9)/(-21)?
2, 5
Let u = -1 + 56. What are the prime factors of u?
5, 11
Suppose 2*d - 2*a - 10 = 0, -d + 15 = 2*d + 3*a. Let m = 6 + d. What are the prime factors of m?
11
Let g = -53 + 61. Suppose -g*k + 122 = -126. List the prime factors of k.
31
Let c(u) = u**2 + 8*u - 13. Let g be c(-9). What are the prime factors of 654/g*8/(-6)?
2, 109
Suppose l = -a + 184, -a + 49*l + 164 = 54*l. What are the prime factors of a?
3, 7
Let a = 10 - 7. Suppose -2*k = a*k. List the prime factors of 9 + 1 + (k - 0).
2, 5
Let y(b) = b**3 - 6*b**2 + 4*b + 1. Let v = -25 + 25. Suppose v = 5*k - 3 - 27. What are the prime factors of y(k)?
5
Suppose 0 = -0*f - f + 9. Let h(m) = -m**2 + 9*m + 22. List the prime factors of h(f).
2, 11
Let c = 25 + -7. Let h be 2 + ((-9)/(-6))/(9/(-282)). Let j = c - h. List the prime factors of j.
3, 7
Let g(l) be the first derivative of l**3/3 - 9*l**2/2 + 17*l - 14. List the prime factors of g(-7).
3, 43
Let r be -8*((-14)/(-4))/(-7). Suppose -5*t - 7 = 4*k, k + 4*k + 5*t = -5. Suppose 0 = k*h + r*v - 2, -20 = -0*h - 4*h - 4*v. List the prime factors of h.
3
Suppose 3*k - 55 = -46. What are the prime factors of -6*(3 + (-24)/k)?
2, 3, 5
Let g(n) = 210*n**2 - 21*n + 53. List the prime factors of g(3).
2, 5, 47
List the prime factors of 8 + (14595/(-5))/(-3).
3, 109
Let s(u) = u**3 - 15*u**2 - 15*u - 18. Let l be s(16). Let j be (-4)/l*4/(-8). List the prime factors of (-2)/2*(-10 - j).
3
Let j = -298 - -503. List the prime factors of j.
5, 41
Suppose 201*i - 4756 = 197*i. What are the prime factors of i?
29, 41
Let u(v) = -12*v + 3. Let s be u(3). Let i(y) = y**2 - 3*y - 11. Let z be i(10). Let g = z + s. List the prime factors of g.
2, 13
Suppose 5*m + 2*y = -337, -5*m + 4*y - 165 = 166. Let c = 127 + m. Let j = c + -20. What are the prime factors of j?
2, 5
Suppose -4*j + h + 4219 = -3083, j = -3*h + 1832. What are the prime factors of j?
2, 11, 83
Let w = -10 + -9. Let n = 142 + w. Suppose -7*x + n = -4*x. List the prime factors of x.
41
Let s = 0 - 1. Let k be (-6)/(-1)*(s - -4). Suppose -y + 2 = -k. List the prime factors of y.
2, 5
Let b = -100 - -103. Suppose -20 = -5*x, 4*r - x - 372 = b*x. List the prime factors of r.
97
Let m(a) be the third derivative of a**6/120 - 3*a**5/20 - 3*a**4/8 - 2*a**3 + 9*a**2. Let y be m(10). Let l = y + 52. List the prime factors of l.
2, 5
Let r(q) = -7*q + 2. Let y be r(-13). Let z = 134 - y. What are the prime factors of z?
41
Suppose 4*t = 4*i + 5*t - 26, t - 32 = -5*i. What are the prime factors of 1/1*294/i?
7
Suppose -19 = -5*n + 6. Suppose -4*a = -17 + n. Suppose 3*s - 53 = 4*h, 0*s - 39 = -3*s - a*h. List the prime factors of s.
3, 5
Suppose 7*f + 33 = 4*f. List the prime factors of 0/f - (0 - 214).
2, 107
Let u be ((-17)/34)/(1/(-298)). Suppose -5*k + 15 = 5, -2*k = 5*i - u. What are the prime factors of i?
29
Suppose 0 = 50*y - 20*y - 148770. What are the prime factors of y?
3, 19, 29
Let m(b) be the second derivative of b**4/12 + 11*b**3/6 + 23*b**2/2 + 10*b. Let k be m(-11). Let t = 61 - k. What are the prime factors of t?
2, 19
Suppose 2*v + 2 = 6. Suppose -5 - v = -t. List the prime factors of t.
7
What are the prime factors of 8/36 + (-44495)/(-45)?
23, 43
Let t(v) = -390*v + 64. What are the prime factors of t(-7)?
2, 11, 127
What are the prime factors of ((-2786)/21)/((-3)/9)?
2, 199
Let p = -3 - -9. Let j(d) = -d**2 - d. Let g(q) = 5*q**2 + 12*q - 2. Let i(w) = -g(w) - 6*j(w). List the prime factors of i(p).
2
What are the prime factors of (3 + 17)*(-24)/(-40)?
2, 3
Suppose 153 + 387 = 2*a. Suppose -53*f + a = -48*f. What are the prime factors of f?
2, 3
Suppose -3*h = -2*p + 1745 - 6711, 2*h - p - 3312 = 0. What are the prime factors of h?
2, 829
Suppose -49*a + 38*a + 1034 = 0. List the prime factors of a.
2, 47
Suppose 20 + 2 = 5*r - 3*y, 5*y = -r - 18. Suppose -a = 2, -4*a = -r*s + s + 123. List the prime factors of s.
5, 23
Suppose 3*j - 7*j - 10400 = -2*h, 2*j + 15620 = 3*h. What are the prime factors of h?
2, 5, 521
Suppose 758 = -3*d - 4*n, -4*d - 3*n + n - 1014 = 0. Let q = -141 - d. List the prime factors of q.
113
Let u = -538 + 1179. What are the prime factors of u?
641
Suppose 0 = -3*c + 7*c - 3520. List the prime factors of c.
2, 5, 11
Let n be 4/(-10) + (-856)/40*-1. List the prime factors of 159/2 + n/(-14).
2, 3, 13
Suppose -u + 133 = -25. Let y = u + -34. What are the prime factors of y?
2, 31
Suppose -1281 = 3*z - 0*z. Let y = -301 - z. Suppose 0 = 2*r - 2*d - 30 - 78, 2*r = -4*d + y. What are the prime factors of r?
3, 19
Let q = 1088 + -530. What are the prime factors of q?
2, 3, 31
Let z(s) = 3*s**2 + 3*s**2 - 4*s**2 + 20 + 9*s. What are the prime factors of z(-10)?
2, 5, 13
Let v be 1606/5 + (-5)/25. Suppose 0 = -4*a + 3*x + v, -7*a + 2*a + 3*x = -399. List the prime factors of a.
2, 3, 13
Let x = -198 + 139. Let n = x - -229. What are the prime factors of n?
2, 5, 17
Let s(o) = 58*o**2 - 3*o - 1. Suppose 6 + 9 = 5*i. Suppose -i = -5*m - 8. What are the prime factors of s(m)?
2, 3, 5
Suppose -w + 882 = 2*w. List the prime factors of w.
2, 3, 7
Suppose 5*y - 2840 = -5*q, 4*q - 2876 + 610 = -y. What are the prime factors of q?
2, 283
Suppose -3498 = -4*j + 3*n + 6769, -4*j = 4*n - 10288. List the prime factors of j.
7, 367
Suppose -7*i + 6*i = 0. Suppose -3*z - 2*h + 7*h + 299 = i, 5*h + 392 = 4*z. What are the prime factors of z?
3, 31
Let f(r) = 2*r**2 - 20*r + 61. What are the prime factors of f(-12)?
19, 31
Let s be 39/(-52) + 2178/(-8). Let c = -148 - s. What are the prime factors of c?
5
Let d = -127 + 129. Suppose d*l + 165 - 587 = 0. What are the prime factors of l?
211
Let l(d) = 25*d**2 - 32*d + 190. List the prime factors of l(9).
41, 47
Suppose -30227 = -17*i + 20909. List the prime factors of i.
2, 47
List the prime factors of 141*(-24)/(-9) - 1.
3, 5
Let w(g) be the first derivative of -g**2/2 - 2*g + 5. Let t be w(-4). Suppose t*a = -3*a + 55. List the prime factors of a.
11
Let t(s) = 2*s**2 + 5*s - 13. Let i be t(-5). Suppose i*c + 0*c - 1212 = 0. What are the prime factors of c?
101
Let l = 12 + -11. Let x be 8/(l - 1/(-1)). Suppose 5*z + x*n = n + 60, 3*z = -2*n + 36. What are the prime factors of z?
2, 3
Let k(b) = -b**3 - 3*b**2 - 58*b + 43. What are the prime factors of k(-13)?
3, 829
Suppose 0 = 17*n - 25*n + 1632. List the prime factors of n - (-8 - -5 - -1).
2, 103
Suppose 2*f - 5*f + 21 = 0. Let l(i) = 7*i - 5. List the prime factors of l(f).
2, 11
Let w(m) = -m**2 - 9*m - 11. Let h be w(-7). Suppose h*f + 9 = -y, -2*y + 5*y - 1 = -2*f. What are the prime factors of 1/f + (-1505)/(-20)?
3, 5
Suppose -10*w + 9*w = 5*i - 3634, w = -i + 726. List the prime factors of i.
727
Let t(k) = 23*k + 37. Let g be t(7). Suppose 1042 + g = 8*q. List the prime factors of q.
5, 31
Suppose -2*f + 4 = r - 3*r, -3*f = 4*r - 20. Suppose -2*p - 6*g + 122 = -2*g, 5*p - r*g - 293 = 0. List the prime factors of p.
59
Let k = 17 - 15. Suppose 548 + 273 = 3*t + 2*r, -5*t - k*r = -1367. List the prime factors of t.
3, 7, 13
Suppose 0 = -t - 3*v + 57, t = 4*t - 5*v - 115. List the prime factors of t.
3, 5
Let y be -1 - -1 - 6/(-2). Suppose 3*i = y*w + 21, 5*i = w + 2*i + 7. Let r(m) = m**2 + 5*m + 8. What are the prime factors of r(w)?
2, 11
Suppose 3*f + 0*f = 2*b + 9, 0 = -b - 5*f + 15. Let s be (0/(-2))/(-1 + b). Suppose s = -0*m - 5*m + 30. What are the prime factors of m?
2, 3
Suppose 111*j + 5142 = 117*j. W